{"id":11,"date":"2025-05-01T16:53:20","date_gmt":"2025-05-01T21:53:20","guid":{"rendered":"https:\/\/medisaluddelcauca.com\/?page_id=11"},"modified":"2025-05-14T16:30:07","modified_gmt":"2025-05-14T21:30:07","slug":"quienes-somos","status":"publish","type":"page","link":"https:\/\/www.medisaluddelcauca.com\/ips\/quienes-somos\/","title":{"rendered":"Qui\u00e9nes somos"},"content":{"rendered":"<div class=\"wpb-content-wrapper\"><p>[vc_row css=&#8221;.vc_custom_1746213685013{margin-top: 4% !important;margin-bottom: 3% !important;}&#8221; conditional_render=&#8221;%5B%7B%22value_role%22%3A%22administrator%22%7D%5D&#8221; animation_type=&#8221;fadeInLeft&#8221;][vc_column width=&#8221;1\/2&#8243;][vc_single_image image=&#8221;60&#8243; img_size=&#8221;full&#8221; alignment=&#8221;center&#8221;][\/vc_column][vc_column width=&#8221;1\/2&#8243; css=&#8221;.vc_custom_1746213165908{margin-top: 2% !important;}&#8221; conditional_render=&#8221;%5B%7B%22value_role%22%3A%22administrator%22%7D%5D&#8221;][vc_column_text]<\/p>\n<p style=\"text-align: left; color: #00699a; font-size: 16pt; font-weight: 600;\">Sobre nosotros<\/p>\n<p class=\"titulo\" style=\"font-family: 'Titillium Web', sans-serif; font-size: 35pt; line-height: 1; font-weight: bold; color: #2a3c4d;\">Atenci\u00f3n con calidez y oportunidad<\/p>\n<p>[\/vc_column_text][vc_column_text]<\/p>\n<p style=\"text-align: justify; font-size: 12pt;\">Somos una instituci\u00f3n prestadora de servicios de salud, que brinda a la comunidad una atenci\u00f3n con calidez y oportunidad, buscando contribuir al mejoramiento en su calidad de vida.<\/p>\n<p>[\/vc_column_text][vc_separator align=&#8221;align_left&#8221; css=&#8221;.vc_custom_1746383172924{margin-top: -2% !important;}&#8221;][vc_column_text]<\/p>\n<p style=\"text-align: justify; font-size: 12pt;\"><strong>Visi\u00f3n<\/strong>: Ser un aliado para la poblaci\u00f3n del bajo cauca, en la prestaci\u00f3n de servicios de salud, reconocida por la satisfacci\u00f3n de los usuarios con todos nuestros servicios.<\/p>\n<p>[\/vc_column_text][\/vc_column][\/vc_row][vc_row full_width=&#8221;stretch_row_content_no_spaces&#8221; css=&#8221;.vc_custom_1746387540121{margin-bottom: 5% !important;padding-right: 5% !important;padding-left: 5% !important;}&#8221; conditional_render=&#8221;%5B%7B%22value_role%22%3A%22administrator%22%7D%5D&#8221;][vc_column][vc_column_text]<\/p>\n<p style=\"font-family: 'Titillium Web', sans-serif; font-size: 25pt; line-height: 1; font-weight: bold; color: #2a3c4d;\">Valores corporativos<\/p>\n<p>[\/vc_column_text][vc_row_inner][vc_column_inner el_class=&#8221;bloques&#8221; width=&#8221;1\/4&#8243;]<div class=\"porto-sicon-box  wpb_custom_6bd3ea43243bb56571d580d187f8d1d7 style_1 top-icon\"><div class=\"porto-sicon-top\"><div class=\"porto-just-icon-wrapper porto-icon none\" style=\"color:#344656;font-size:32px;\"><i class=\"far fa-handshake\"><\/i><\/div><\/div><div class=\"porto-sicon-header\"><h3 class=\"porto-sicon-title\" style=\"\">Compromiso<\/h3><p>Todos los que trabajamos en la compa\u00f1\u00eda tenemos la disposici\u00f3n para servir con calidad, amabilidad, excelencia, profesionalismo y nos enfocamos en dar lo mejor de nosotros para el logro de los objetivos institucionales.<\/p><\/div> <!-- header --><\/div><!-- porto-sicon-box -->[\/vc_column_inner][vc_column_inner el_class=&#8221;bloques&#8221; width=&#8221;1\/4&#8243; css=&#8221;.vc_custom_1746386901394{margin-right: 1% !important;margin-left: 1% !important;}&#8221;]<div class=\"porto-sicon-box  wpb_custom_6bd3ea43243bb56571d580d187f8d1d7 style_1 top-icon\"><div class=\"porto-sicon-top\"><div class=\"porto-just-icon-wrapper porto-icon none\" style=\"color:#344656;font-size:32px;\"><i class=\"far fa-handshake\"><\/i><\/div><\/div><div class=\"porto-sicon-header\"><h3 class=\"porto-sicon-title\" style=\"\">Honestidad<\/h3><p>Responsabilidad en todos nuestros actos y deberes cotidianos, conducta recta que se manifiesta en todas las acciones y el compromiso con la instituci\u00f3n y los usuarios.<\/p><\/div> <!-- header --><\/div><!-- porto-sicon-box -->[\/vc_column_inner][vc_column_inner el_class=&#8221;bloques&#8221; width=&#8221;1\/4&#8243; css=&#8221;.vc_custom_1746387257696{margin-right: 1% !important;}&#8221;]<div class=\"porto-sicon-box  wpb_custom_6bd3ea43243bb56571d580d187f8d1d7 style_1 top-icon\"><div class=\"porto-sicon-top\"><div class=\"porto-just-icon-wrapper porto-icon none\" style=\"color:#344656;font-size:32px;\"><i class=\"far fa-handshake\"><\/i><\/div><\/div><div class=\"porto-sicon-header\"><h3 class=\"porto-sicon-title\" style=\"\">Responsabilidad<\/h3><p>Cumplimiento de las obligaciones conforme a la Moral y las buenas costumbres que se da con nuestro accionar frente A terceros en el oportuno seguimiento de funciones y procedimientos.<\/p><\/div> <!-- header --><\/div><!-- porto-sicon-box -->[\/vc_column_inner][vc_column_inner el_class=&#8221;bloques&#8221; width=&#8221;1\/4&#8243;]<div class=\"porto-sicon-box  wpb_custom_6bd3ea43243bb56571d580d187f8d1d7 style_1 top-icon\"><div class=\"porto-sicon-top\"><div class=\"porto-just-icon-wrapper porto-icon none\" style=\"color:#344656;font-size:32px;\"><i class=\"far fa-handshake\"><\/i><\/div><\/div><div class=\"porto-sicon-header\"><h3 class=\"porto-sicon-title\" style=\"\">Dedicaci\u00f3n<\/h3><p>brindamos todo nuestro esmero, voluntad y conocimiento al servicio de la instituci\u00f3n y de nuestros usuarios.<\/p><\/div> <!-- header --><\/div><!-- porto-sicon-box -->[\/vc_column_inner][\/vc_row_inner][\/vc_column][\/vc_row]<\/p>\n<\/div>","protected":false},"excerpt":{"rendered":"<p>[vc_row css=&#8221;.vc_custom_1746213685013{margin-top: 4% !important;margin-bottom: 3% !important;}&#8221; conditional_render=&#8221;%5B%7B%22value_role%22%3A%22administrator%22%7D%5D&#8221; animation_type=&#8221;fadeInLeft&#8221;][vc_column width=&#8221;1\/2&#8243;][vc_single_image image=&#8221;60&#8243; img_size=&#8221;full&#8221; alignment=&#8221;center&#8221;][\/vc_column][vc_column width=&#8221;1\/2&#8243; css=&#8221;.vc_custom_1746213165908{margin-top: 2% !important;}&#8221; conditional_render=&#8221;%5B%7B%22value_role%22%3A%22administrator%22%7D%5D&#8221;][vc_column_text] Sobre nosotros Atenci\u00f3n con calidez y oportunidad [\/vc_column_text][vc_column_text] Somos una instituci\u00f3n prestadora de servicios de salud, que brinda a la comunidad una atenci\u00f3n con calidez y oportunidad, buscando contribuir al mejoramiento en su calidad de vida. [\/vc_column_text][vc_separator align=&#8221;align_left&#8221; [&hellip;]<\/p>\n","protected":false},"author":1,"featured_media":0,"parent":0,"menu_order":0,"comment_status":"closed","ping_status":"closed","template":"","meta":{"_joinchat":[],"footnotes":""},"class_list":["post-11","page","type-page","status-publish","hentry"],"yoast_head":"<!-- This site is optimized with the Yoast SEO plugin v25.1 - https:\/\/yoast.com\/wordpress\/plugins\/seo\/ -->\n<title>Qui\u00e9nes somos - Medisalud del cauca ips<\/title>\n<meta name=\"robots\" content=\"index, follow, max-snippet:-1, max-image-preview:large, max-video-preview:-1\" \/>\n<link rel=\"canonical\" href=\"https:\/\/www.medisaluddelcauca.com\/ips\/quienes-somos\/\" \/>\n<meta property=\"og:locale\" content=\"es_ES\" \/>\n<meta property=\"og:type\" content=\"article\" \/>\n<meta property=\"og:title\" content=\"Qui\u00e9nes somos - Medisalud del cauca ips\" \/>\n<meta property=\"og:description\" content=\"[vc_row css=&#8221;.vc_custom_1746213685013{margin-top: 4% !important;margin-bottom: 3% !important;}&#8221; conditional_render=&#8221;%5B%7B%22value_role%22%3A%22administrator%22%7D%5D&#8221; animation_type=&#8221;fadeInLeft&#8221;][vc_column width=&#8221;1\/2&#8243;][vc_single_image image=&#8221;60&#8243; img_size=&#8221;full&#8221; alignment=&#8221;center&#8221;][\/vc_column][vc_column width=&#8221;1\/2&#8243; css=&#8221;.vc_custom_1746213165908{margin-top: 2% !important;}&#8221; conditional_render=&#8221;%5B%7B%22value_role%22%3A%22administrator%22%7D%5D&#8221;][vc_column_text] Sobre nosotros Atenci\u00f3n con calidez y oportunidad [\/vc_column_text][vc_column_text] Somos una instituci\u00f3n prestadora de servicios de salud, que brinda a la comunidad una atenci\u00f3n con calidez y oportunidad, buscando contribuir al mejoramiento en su calidad de vida. [\/vc_column_text][vc_separator align=&#8221;align_left&#8221; [&hellip;]\" \/>\n<meta property=\"og:url\" content=\"https:\/\/www.medisaluddelcauca.com\/ips\/quienes-somos\/\" \/>\n<meta property=\"og:site_name\" content=\"Medisalud del cauca ips\" \/>\n<meta property=\"article:modified_time\" content=\"2025-05-14T21:30:07+00:00\" \/>\n<meta property=\"og:image\" content=\"https:\/\/www.medisaluddelcauca.com\/ips\/wp-content\/uploads\/2025\/05\/logos-MS-Medisalud.png\" \/>\n\t<meta property=\"og:image:width\" content=\"2362\" \/>\n\t<meta property=\"og:image:height\" content=\"827\" \/>\n\t<meta property=\"og:image:type\" content=\"image\/png\" \/>\n<meta name=\"twitter:card\" content=\"summary_large_image\" \/>\n<meta name=\"twitter:label1\" content=\"Tiempo de lectura\" \/>\n\t<meta name=\"twitter:data1\" content=\"2 minutos\" \/>\n<script type=\"application\/ld+json\" class=\"yoast-schema-graph\">{\"@context\":\"https:\/\/schema.org\",\"@graph\":[{\"@type\":\"WebPage\",\"@id\":\"https:\/\/www.medisaluddelcauca.com\/ips\/quienes-somos\/\",\"url\":\"https:\/\/www.medisaluddelcauca.com\/ips\/quienes-somos\/\",\"name\":\"Qui\u00e9nes somos - Medisalud del cauca ips\",\"isPartOf\":{\"@id\":\"https:\/\/www.medisaluddelcauca.com\/ips\/#website\"},\"datePublished\":\"2025-05-01T21:53:20+00:00\",\"dateModified\":\"2025-05-14T21:30:07+00:00\",\"breadcrumb\":{\"@id\":\"https:\/\/www.medisaluddelcauca.com\/ips\/quienes-somos\/#breadcrumb\"},\"inLanguage\":\"es-CO\",\"potentialAction\":[{\"@type\":\"ReadAction\",\"target\":[\"https:\/\/www.medisaluddelcauca.com\/ips\/quienes-somos\/\"]}]},{\"@type\":\"BreadcrumbList\",\"@id\":\"https:\/\/www.medisaluddelcauca.com\/ips\/quienes-somos\/#breadcrumb\",\"itemListElement\":[{\"@type\":\"ListItem\",\"position\":1,\"name\":\"Inicio\",\"item\":\"https:\/\/www.medisaluddelcauca.com\/ips\/\"},{\"@type\":\"ListItem\",\"position\":2,\"name\":\"Qui\u00e9nes somos\"}]},{\"@type\":\"WebSite\",\"@id\":\"https:\/\/www.medisaluddelcauca.com\/ips\/#website\",\"url\":\"https:\/\/www.medisaluddelcauca.com\/ips\/\",\"name\":\"medisaluddelcauca.com\/ips\",\"description\":\"IPS en Nechi\",\"publisher\":{\"@id\":\"https:\/\/www.medisaluddelcauca.com\/ips\/#organization\"},\"potentialAction\":[{\"@type\":\"SearchAction\",\"target\":{\"@type\":\"EntryPoint\",\"urlTemplate\":\"https:\/\/www.medisaluddelcauca.com\/ips\/?s={search_term_string}\"},\"query-input\":{\"@type\":\"PropertyValueSpecification\",\"valueRequired\":true,\"valueName\":\"search_term_string\"}}],\"inLanguage\":\"es-CO\"},{\"@type\":\"Organization\",\"@id\":\"https:\/\/www.medisaluddelcauca.com\/ips\/#organization\",\"name\":\"Medisalud del cauca IPS\",\"url\":\"https:\/\/www.medisaluddelcauca.com\/ips\/\",\"logo\":{\"@type\":\"ImageObject\",\"inLanguage\":\"es-CO\",\"@id\":\"https:\/\/www.medisaluddelcauca.com\/ips\/#\/schema\/logo\/image\/\",\"url\":\"https:\/\/www.medisaluddelcauca.com\/ips\/wp-content\/uploads\/2025\/05\/logos-MS-Medisalud.png\",\"contentUrl\":\"https:\/\/www.medisaluddelcauca.com\/ips\/wp-content\/uploads\/2025\/05\/logos-MS-Medisalud.png\",\"width\":2362,\"height\":827,\"caption\":\"Medisalud del cauca IPS\"},\"image\":{\"@id\":\"https:\/\/www.medisaluddelcauca.com\/ips\/#\/schema\/logo\/image\/\"}}]}<\/script>\n<!-- \/ Yoast SEO plugin. -->","yoast_head_json":{"title":"Qui\u00e9nes somos - Medisalud del cauca ips","robots":{"index":"index","follow":"follow","max-snippet":"max-snippet:-1","max-image-preview":"max-image-preview:large","max-video-preview":"max-video-preview:-1"},"canonical":"https:\/\/www.medisaluddelcauca.com\/ips\/quienes-somos\/","og_locale":"es_ES","og_type":"article","og_title":"Qui\u00e9nes somos - Medisalud del cauca ips","og_description":"[vc_row css=&#8221;.vc_custom_1746213685013{margin-top: 4% !important;margin-bottom: 3% !important;}&#8221; conditional_render=&#8221;%5B%7B%22value_role%22%3A%22administrator%22%7D%5D&#8221; animation_type=&#8221;fadeInLeft&#8221;][vc_column width=&#8221;1\/2&#8243;][vc_single_image image=&#8221;60&#8243; img_size=&#8221;full&#8221; alignment=&#8221;center&#8221;][\/vc_column][vc_column width=&#8221;1\/2&#8243; css=&#8221;.vc_custom_1746213165908{margin-top: 2% !important;}&#8221; conditional_render=&#8221;%5B%7B%22value_role%22%3A%22administrator%22%7D%5D&#8221;][vc_column_text] Sobre nosotros Atenci\u00f3n con calidez y oportunidad [\/vc_column_text][vc_column_text] Somos una instituci\u00f3n prestadora de servicios de salud, que brinda a la comunidad una atenci\u00f3n con calidez y oportunidad, buscando contribuir al mejoramiento en su calidad de vida. [\/vc_column_text][vc_separator align=&#8221;align_left&#8221; [&hellip;]","og_url":"https:\/\/www.medisaluddelcauca.com\/ips\/quienes-somos\/","og_site_name":"Medisalud del cauca ips","article_modified_time":"2025-05-14T21:30:07+00:00","og_image":[{"width":2362,"height":827,"url":"https:\/\/www.medisaluddelcauca.com\/ips\/wp-content\/uploads\/2025\/05\/logos-MS-Medisalud.png","type":"image\/png"}],"twitter_card":"summary_large_image","twitter_misc":{"Tiempo de lectura":"2 minutos"},"schema":{"@context":"https:\/\/schema.org","@graph":[{"@type":"WebPage","@id":"https:\/\/www.medisaluddelcauca.com\/ips\/quienes-somos\/","url":"https:\/\/www.medisaluddelcauca.com\/ips\/quienes-somos\/","name":"Qui\u00e9nes somos - Medisalud del cauca ips","isPartOf":{"@id":"https:\/\/www.medisaluddelcauca.com\/ips\/#website"},"datePublished":"2025-05-01T21:53:20+00:00","dateModified":"2025-05-14T21:30:07+00:00","breadcrumb":{"@id":"https:\/\/www.medisaluddelcauca.com\/ips\/quienes-somos\/#breadcrumb"},"inLanguage":"es-CO","potentialAction":[{"@type":"ReadAction","target":["https:\/\/www.medisaluddelcauca.com\/ips\/quienes-somos\/"]}]},{"@type":"BreadcrumbList","@id":"https:\/\/www.medisaluddelcauca.com\/ips\/quienes-somos\/#breadcrumb","itemListElement":[{"@type":"ListItem","position":1,"name":"Inicio","item":"https:\/\/www.medisaluddelcauca.com\/ips\/"},{"@type":"ListItem","position":2,"name":"Qui\u00e9nes somos"}]},{"@type":"WebSite","@id":"https:\/\/www.medisaluddelcauca.com\/ips\/#website","url":"https:\/\/www.medisaluddelcauca.com\/ips\/","name":"medisaluddelcauca.com\/ips","description":"IPS en Nechi","publisher":{"@id":"https:\/\/www.medisaluddelcauca.com\/ips\/#organization"},"potentialAction":[{"@type":"SearchAction","target":{"@type":"EntryPoint","urlTemplate":"https:\/\/www.medisaluddelcauca.com\/ips\/?s={search_term_string}"},"query-input":{"@type":"PropertyValueSpecification","valueRequired":true,"valueName":"search_term_string"}}],"inLanguage":"es-CO"},{"@type":"Organization","@id":"https:\/\/www.medisaluddelcauca.com\/ips\/#organization","name":"Medisalud del cauca IPS","url":"https:\/\/www.medisaluddelcauca.com\/ips\/","logo":{"@type":"ImageObject","inLanguage":"es-CO","@id":"https:\/\/www.medisaluddelcauca.com\/ips\/#\/schema\/logo\/image\/","url":"https:\/\/www.medisaluddelcauca.com\/ips\/wp-content\/uploads\/2025\/05\/logos-MS-Medisalud.png","contentUrl":"https:\/\/www.medisaluddelcauca.com\/ips\/wp-content\/uploads\/2025\/05\/logos-MS-Medisalud.png","width":2362,"height":827,"caption":"Medisalud del cauca IPS"},"image":{"@id":"https:\/\/www.medisaluddelcauca.com\/ips\/#\/schema\/logo\/image\/"}}]}},"_links":{"self":[{"href":"https:\/\/www.medisaluddelcauca.com\/ips\/wp-json\/wp\/v2\/pages\/11","targetHints":{"allow":["GET"]}}],"collection":[{"href":"https:\/\/www.medisaluddelcauca.com\/ips\/wp-json\/wp\/v2\/pages"}],"about":[{"href":"https:\/\/www.medisaluddelcauca.com\/ips\/wp-json\/wp\/v2\/types\/page"}],"author":[{"embeddable":true,"href":"https:\/\/www.medisaluddelcauca.com\/ips\/wp-json\/wp\/v2\/users\/1"}],"replies":[{"embeddable":true,"href":"https:\/\/www.medisaluddelcauca.com\/ips\/wp-json\/wp\/v2\/comments?post=11"}],"version-history":[{"count":0,"href":"https:\/\/www.medisaluddelcauca.com\/ips\/wp-json\/wp\/v2\/pages\/11\/revisions"}],"wp:attachment":[{"href":"https:\/\/www.medisaluddelcauca.com\/ips\/wp-json\/wp\/v2\/media?parent=11"}],"curies":[{"name":"wp","href":"https:\/\/api.w.org\/{rel}","templated":true}]}}